5
Let h be 3 + 1*(2 - 2). Let m(t) = 6*t**2 + t**h + 9*t + 5 - t - 3*t. Let s = -6 + 1. Determine m(s).
5
Let f(b) = b**3 + 2*b**2 - 6*b. Let m(k) = k**3 + k**2 - 5*k - 1. Let u = 8 + -12. Let w(j) = u*f(j) + 5*m(j). Calculate w(4).
7
Suppose 5 = 3*x + s, -7*x = -2*x + s - 5. Let o = -3 + x. Let f be o/1*(-2 - -3). Let i(u) = u**3 + 5*u**2 + 4*u + 2. Determine i(f).
8
Let g be ((-16)/(-6))/((-4)/(-6)). Suppose 4 = 2*i - 8. Let k = i - g. Let p(f) = 2*f**3 - 3*f**2 + f + 1. What is p(k)?
7
Let r(f) be the third derivative of f**5/60 + f**4/6 - f**3/3 - f**2. Let q(j) = -j**2 + 8*j - 1. Let x be q(6). Let d = -15 + x. Determine r(d).
-2
Let t = 25 + -35. Let b(k) = k**2 + 9*k - 11. Calculate b(t).
-1
Let l(m) be the first derivative of m**3/3 - 2*m**2 - 4*m + 37. Give l(4).
-4
Let s(i) = 17*i - 25. Let r(k) = -17*k + 25. Let w(t) = -3*r(t) - 4*s(t). Let f(z) = -8*z + 12. Let q(j) = -13*f(j) + 6*w(j). What is q(5)?
4
Let n(u) = 3*u**2 + 2*u + 4. Let b(s) = 15*s**2 + 9*s + 21. Let w(l) = -2*b(l) + 11*n(l). Let a = 21 + -23. Calculate w(a).
6
Suppose -4*o + 16 = -5*u, -3*o + 14 = 3*u + 2. Suppose 0 = o*d + 7 + 13. Let m(g) = g**2 + 6*g - 2. Give m(d).
-7
Let v(s) be the first derivative of -s**7/840 + s**6/180 + s**5/40 + s**4/24 + 5*s**3/3 + 7. Let h(q) be the third derivative of v(q). Calculate h(3).
1
Let o(t) be the second derivative of t**5/20 - t**4/2 + 5*t**3/6 + 3*t. Let q be o(5). Let u = q + -3. Let f(n) = 2*n**2 + 4*n + 2. What is f(u)?
8
Let i be 8/(-10) - (-448)/35. Let g = i - 16. Let f(t) = -t**3 - 3*t**2 + 6*t + 5. Calculate f(g).
-3
Let u(l) = l + 2. Let x be u(6). Let y = x - 10. Let a(p) = -7*p - 3. Calculate a(y).
11
Let h(u) = u**3 + 4*u**2 - 5*u + 4. Suppose -i + 2*i = 8. Let b(j) = j**2 - 10*j + 11. Let c be b(i). Determine h(c).
4
Let y(b) = 7*b**3 + b**2. Suppose 2*q + 6 = -2*p - 2*p, 3*q = 3*p - 18. Calculate y(p).
8
Suppose -3*o - 42 = -2*m, -3*o + 3*m - 52 = -10. Let u be 10/14 - 4/o. Let l(f) = -4*f**2 - 1. What is l(u)?
-5
Let l(z) = 6*z - 3*z**2 + 3*z**2 + 1 - z**2. Suppose t - j - 2 = 0, -t + 4*j - 1 = -0*t. Give l(t).
10
Let c(w) be the third derivative of -5/24*w**4 + 1/60*w**5 + 0*w + 4*w**2 - w**3 + 0. Suppose 22 = 5*r + 3*p, 2*r + 2 = 4*p + 16. Calculate c(r).
-6
Let t(y) = -1. Let w(f) = f**2 - 2. Let r(a) = 5*t(a) - w(a). What is r(0)?
-3
Let a = 2 + -3. Let j be a/(-1 - 0) - 6. Let v(u) be the first derivative of u**3/3 + 3*u**2 + 2*u - 13. What is v(j)?
-3
Let y(o) = 5*o + 12. Let c(f) = -14*f - 35. Let l(d) = 4*c(d) + 11*y(d). What is l(-7)?
-1
Let m(h) = -6*h**2 - 1. Let n(l) = -2*l + l - 1 + 0*l. Let o(j) = j**2 - 7*j - 2. Let y be o(7). Let c be n(y). Calculate m(c).
-7
Let m(j) be the second derivative of -j**5/20 + j**4/3 + 2*j**3/3 - 40*j. Determine m(4).
16
Let x(g) = -3*g - 1. Suppose 24 = -3*o + 5*p, -2*o + o = p. Let l be 4 - o/(-3 + 2). Give x(l).
-4
Let o(z) = z - 4. Let l(r) = r**3 + 6*r**2 - r - 4. Let v be l(-6). Let b = 8 - v. Suppose -b = -a - a. Calculate o(a).
-1
Let s be 2 + 0 + (-36)/(-12). Let i(q) = -q**3 + 5*q**2 - q - 2. What is i(s)?
-7
Let d be 27/9*5/3. Suppose 15 = -5*z + d. Let v(x) = -2*x**2 + 3*x + 1. Give v(z).
-13
Let f(d) be the first derivative of 5*d**2/2 - 6*d - 3. Give f(4).
14
Let u be (-108)/(-16) - (-2)/8. Suppose -20 = i + 5*b, -4*b - 9 = -2*i + u. Let f(d) = -d + 1. Determine f(i).
1
Let s(x) = -x**2 + 11*x + 3. Let q be s(11). Let v(n) = n**2 - 2*n. Calculate v(q).
3
Suppose 3*c = c - 10. Let m(q) be the third derivative of -q**4/12 + q**3/2 - 2*q**2 - 90. Give m(c).
13
Let j(y) = -55 + 27 + 30 + 2*y. What is j(-5)?
-8
Suppose -4*r + 63 = 4*g - 7*r, 4*g = -4*r + 28. Let z be 52/g - (-1)/(-3). Let s(b) = -b - 5. Determine s(z).
-9
Let o(m) = 2 + 0 + m + 2. Let j be 0 + 4/(-32) + (-78)/16. Give o(j).
-1
Let i = 10 - 7. Let z(v) = 8*v**2 + 2*v**i - 3*v**3 + 7 + 3*v - 3*v - 7*v. Calculate z(7).
7
Let h(u) = -u**2 + u + 1. Suppose -2*v - l - l - 4 = 0, -2*v + 3*l = 4. Give h(v).
-5
Let t(n) = 2*n + 1. Suppose 4*b = 2*f + 8, 3*b = f + 2*f + 15. Give t(f).
-11
Suppose -k + 10 = 4*k. Let v = k - 4. Let h(j) = j**3 + 2*j**2 + 1. What is h(v)?
1
Let l(w) = -w**3 + 9*w**2 + 2. Let j be l(9). Let p(c) = -c**3 + 3*c - 1. Calculate p(j).
-3
Let p(t) = t**3 - t + 2. Let w(x) = 5*x**3 + 3*x**2 - 3*x + 8. Let a(d) = 6*p(d) - w(d). Give a(4).
8
Let s(l) = -l**2 - 5*l - 2. Let y = -63 - -60. Give s(y).
4
Let z(i) = i + 2*i + 0*i + 1 + 0*i. Let h = -2 - -1. What is z(h)?
-2
Let i = -1 + -1. Let m(y) be the first derivative of 1/2*y**2 - 2 - 2*y. Give m(i).
-4
Let m(i) be the third derivative of -i**6/120 - 7*i**5/60 + 3*i**4/8 + i**3/6 - 64*i**2. Determine m(-8).
-7
Suppose 0 = 3*p + 2*y - 8, -3*y + 2 = -y. Let r(d) = d**3 - 2*d**3 - 3*d + 0 - 1 - 3*d**2 - p*d**2. Calculate r(-4).
-5
Let j(s) = 3*s**3 - 9*s**2 + 3*s - 3. Let c = -1 - 4. Let u(q) = -q**3 + 4*q**2 - q + 1. Let t(d) = c*u(d) - 2*j(d). Give t(-2).
3
Let c(i) = 47*i + 2*i**2 + 1 - 4*i**3 - 47*i. Calculate c(2).
-23
Suppose 0 = -2*s - 5*d - 32, -3*d - 13 = s + 4. Let h(y) = -y**3 - 12*y**2 - 10*y - 1. Give h(s).
-12
Let i(m) = -m**2 + 5*m - 3. Suppose -5*r + 18 = -7. What is i(r)?
-3
Let f(w) = -10*w - 1. Suppose 0 = -y + 10 - 9. Determine f(y).
-11
Let n(y) = -4*y - y + 1 + 0*y. Determine n(1).
-4
Let o(f) = -f**2 - 8*f - 7. Let q(z) = -2*z + 2. Let s be q(4). Determine o(s).
5
Let p be (-6)/(-15) - (-111)/(-15). Let q = -3 - p. Let x(u) = -2 - 2 + 0 - 4*u + 5*u. Give x(q).
0
Let o be (-4)/(-6) + 8/6. Suppose -5*j = -5 - 5. Let k(c) = -6 - c**j + 5 - o - 5*c. Calculate k(-5).
-3
Let x(p) = -p**3 - 2*p**2 - 2*p - 1. Suppose -5*t - 3 - 2 = 0. Calculate x(t).
0
Let o(b) = -3*b**3 - b**2 - 8 + 4*b**3 - 8*b**2 - 5*b - 4*b. Let s be o(10). Let f(c) = -3*c**2 + 3*c - 1. Give f(s).
-7
Let i(v) = -2*v**3 + 2*v**2 + v + 2. Let k be i(2). Let d(s) = -s**3 - 5*s**2 - 5*s + 4. Give d(k).
8
Let w(b) = 6*b + 2 - b**2 - 2 - 7 + 0. Calculate w(6).
-7
Let n(h) be the first derivative of -h**2/2 - 2*h + 15. What is n(-4)?
2
Suppose -k + 0*k - 6 = 0. Let h(c) be the second derivative of c**5/20 + c**4/2 + c**3/3 + 3*c**2 + c. Calculate h(k).
-6
Let f(y) = 2*y + 2 - 1 - 4*y. Let u be 21/(-5) - 2/(-10). What is f(u)?
9
Let g(y) = -8*y + 2. Let o(s) be the third derivative of -s**4/24 + 2*s**2. Let t(u) = g(u) - 5*o(u). Suppose 3 = -2*z + z. Determine t(z).
11
Let d(a) = 2*a + 4. Let x = -13 + 21. Let p(k) = -k**3 - 11*k**2 - 11*k - 7. Let z be p(-10). Suppose z*y = y - x. Calculate d(y).
-4
Let v(i) = i**3 - 6*i**2 - 2*i + 6. Suppose 2*k = -0*k + 10. Let q(f) = f**2 - 2*f + 5. Let s be q(k). Suppose 2*d - s + 8 = 0. What is v(d)?
-6
Let o(v) = v**2 + 3*v + 1. Suppose 2*h = -2*f + 8, 0 = -2*f + 4*h - 3*h + 2. Suppose -f*a + 10 - 14 = 0. Give o(a).
-1
Suppose b = -3*v + 10 + 12, -3*b - 12 = -4*v. Let w(n) = n**3 - 5*n**2 - 5*n - 3. What is w(v)?
3
Let y(x) be the first derivative of -x**3/3 - 3*x**2 - 3*x - 1. Let h be (-2 - (-32)/12)/((-1)/9). Determine y(h).
-3
Suppose i - 10 = -i. Suppose -i*x - 4*z + 30 = 0, x - 16 = -3*z + 1. Let p(l) = 5*l + 2. Calculate p(x).
12
Let u(o) = o + 14. Let z = -16 - -21. Let v be ((3 - z) + 2)/1. Calculate u(v).
14
Let w(j) = -j**2. Suppose -c = -l - 1, 0 = -2*l - 5*c + 2 + 17. What is w(l)?
-4
Let a(y) = y + 1. Suppose -2*k + 12 = 2*k. Let i be 2*3/(-2) + k. Suppose 3*q - 5*q - 2 = i. Give a(q).
0
Let c(k) = 12*k**3 + 1. Let g be 2*(-2)/(-1) + 2. Suppose 0 = -g*o + 4*o. Suppose -2*v = 2 - o. Calculate c(v).
-11
Let a(w) = w**2 - 7*w + 6. Let m(j) = j**3 - 3*j**2 + j. Let f be m(4). Let n be 20/(-6)*(-24)/f. Calculate a(n).
-6
Let k(a) = -3*a**3 + 10*a**2 - 7*a - 11. Let h(i) = 7*i**3 - 21*i**2 + 15*i + 23. Let t(m) = -4*h(m) - 9*k(m). Determine t(-6).
-11
Let w be (1 + 0)*(4 - -6). Suppose d + w = -d. Let r(g) = g - 4. Give r(d).
-9
Suppose a - m + 4 = -2*m, 3*m = 2*a - 2. Let o(b) = 0 - 6*b**3 + 3 + 2*b**2 + 7*b**3 + 4*b. Give o(a).
-5
Let p(s) be the second derivative of -s**4/6 + 5*s**3/6 + 3*s**2/2 + s. Calculate p(4).
-9
Let i(s) = s - 6. Let g be (-1)/4 - 41/(-4). Suppose -4*p = p - g. Let k = p - 2. Give i(k).
-6
Let w be (-5)/(-20) - 33/(-12). Let p(v) = 0*v**w + 7*v**2 + 0*v**3 - 8*v**2 - 7*v**3. Give p(-1).
6
Let k(l) be the second derivative of l**5/20 + l**3/6 - l**2/2 - 5*l. Determine k(2).